{"id":1257,"date":"2019-04-29T12:11:30","date_gmt":"2019-04-29T10:11:30","guid":{"rendered":"https:\/\/atelierdubourg.fr\/adb\/?post_type=portfolio&#038;p=1257"},"modified":"2019-04-29T12:18:46","modified_gmt":"2019-04-29T10:18:46","slug":"%e2%97%8b-caillou-montagne","status":"publish","type":"portfolio","link":"https:\/\/atelierdubourg.fr\/adb\/portfolio\/%e2%97%8b-caillou-montagne\/","title":{"rendered":"\u25cb caillou montagne"},"content":{"rendered":"\n<p>Poster <em>\u25cb caillou montagne<\/em><br>\u2013<br>S\u00e9rigraphie 2 passages<br>Format 50*70 cm<br>Papier Olin smooth cr\u00e8me 250g\/m\u00b2<br>Imprim\u00e9 au March\u00e9 Noir, d\u00e9cembre 2018<br> \u2013<br>30 \u20ac<br>\u2013<br>Par Sixtine Gervais<\/p>\n","protected":false},"excerpt":{"rendered":"<p>Poster \u25cb caillou montagne\u2013S\u00e9rigraphie 2 passagesFormat 50*70 cmPapier Olin smooth cr\u00e8me 250g\/m\u00b2Imprim\u00e9 au March\u00e9 Noir, d\u00e9cembre 2018 \u201330 \u20ac\u2013Par Sixtine Gervais<\/p>\n","protected":false},"author":2,"featured_media":1259,"comment_status":"open","ping_status":"closed","template":"","meta":{"jetpack_post_was_ever_published":false},"portfolio_category":[53,66],"portfolio_tag":[],"acf":[],"yoast_head":"<!-- This site is optimized with the Yoast SEO plugin v20.6 - https:\/\/yoast.com\/wordpress\/plugins\/seo\/ -->\n<title>\u25cb caillou montagne - L&#039;Atelier du Bourg<\/title>\n<meta name=\"robots\" content=\"index, follow, max-snippet:-1, max-image-preview:large, max-video-preview:-1\" \/>\n<link rel=\"canonical\" href=\"https:\/\/atelierdubourg.fr\/adb\/portfolio\/\u25cb-caillou-montagne\/\" \/>\n<meta property=\"og:locale\" content=\"fr_FR\" \/>\n<meta property=\"og:type\" content=\"article\" \/>\n<meta property=\"og:title\" content=\"\u25cb caillou montagne - L&#039;Atelier du Bourg\" \/>\n<meta property=\"og:description\" content=\"Poster \u25cb caillou montagne\u2013S\u00e9rigraphie 2 passagesFormat 50*70 cmPapier Olin smooth cr\u00e8me 250g\/m\u00b2Imprim\u00e9 au March\u00e9 Noir, d\u00e9cembre 2018 \u201330 \u20ac\u2013Par Sixtine Gervais\" \/>\n<meta property=\"og:url\" content=\"https:\/\/atelierdubourg.fr\/adb\/portfolio\/\u25cb-caillou-montagne\/\" \/>\n<meta property=\"og:site_name\" content=\"L&#039;Atelier du Bourg\" \/>\n<meta property=\"article:modified_time\" content=\"2019-04-29T10:18:46+00:00\" \/>\n<meta property=\"og:image\" content=\"https:\/\/atelierdubourg.fr\/adb\/wp-content\/uploads\/2019\/04\/CAILLOU-MONTAGNE-SIXTINE-GERVAIS-scaled.jpg\" \/>\n\t<meta property=\"og:image:width\" content=\"2953\" \/>\n\t<meta property=\"og:image:height\" content=\"4134\" \/>\n\t<meta property=\"og:image:type\" content=\"image\/jpeg\" \/>\n<meta name=\"twitter:card\" content=\"summary_large_image\" \/>\n<script type=\"application\/ld+json\" class=\"yoast-schema-graph\">{\"@context\":\"https:\/\/schema.org\",\"@graph\":[{\"@type\":\"WebPage\",\"@id\":\"https:\/\/atelierdubourg.fr\/adb\/portfolio\/%e2%97%8b-caillou-montagne\/\",\"url\":\"https:\/\/atelierdubourg.fr\/adb\/portfolio\/%e2%97%8b-caillou-montagne\/\",\"name\":\"\u25cb caillou montagne - L&#039;Atelier du Bourg\",\"isPartOf\":{\"@id\":\"https:\/\/atelierdubourg.fr\/adb\/#website\"},\"datePublished\":\"2019-04-29T10:11:30+00:00\",\"dateModified\":\"2019-04-29T10:18:46+00:00\",\"breadcrumb\":{\"@id\":\"https:\/\/atelierdubourg.fr\/adb\/portfolio\/%e2%97%8b-caillou-montagne\/#breadcrumb\"},\"inLanguage\":\"fr-FR\",\"potentialAction\":[{\"@type\":\"ReadAction\",\"target\":[\"https:\/\/atelierdubourg.fr\/adb\/portfolio\/%e2%97%8b-caillou-montagne\/\"]}]},{\"@type\":\"BreadcrumbList\",\"@id\":\"https:\/\/atelierdubourg.fr\/adb\/portfolio\/%e2%97%8b-caillou-montagne\/#breadcrumb\",\"itemListElement\":[{\"@type\":\"ListItem\",\"position\":1,\"name\":\"Accueil\",\"item\":\"https:\/\/atelierdubourg.fr\/adb\/\"},{\"@type\":\"ListItem\",\"position\":2,\"name\":\"Portfolio\",\"item\":\"https:\/\/atelierdubourg.fr\/adb\/portfolio\/\"},{\"@type\":\"ListItem\",\"position\":3,\"name\":\"\u25cb caillou montagne\"}]},{\"@type\":\"WebSite\",\"@id\":\"https:\/\/atelierdubourg.fr\/adb\/#website\",\"url\":\"https:\/\/atelierdubourg.fr\/adb\/\",\"name\":\"L&#039;Atelier du Bourg\",\"description\":\"l&#039;Atelier du Bourg\",\"potentialAction\":[{\"@type\":\"SearchAction\",\"target\":{\"@type\":\"EntryPoint\",\"urlTemplate\":\"https:\/\/atelierdubourg.fr\/adb\/?s={search_term_string}\"},\"query-input\":\"required name=search_term_string\"}],\"inLanguage\":\"fr-FR\"}]}<\/script>\n<!-- \/ Yoast SEO plugin. -->","yoast_head_json":{"title":"\u25cb caillou montagne - L&#039;Atelier du Bourg","robots":{"index":"index","follow":"follow","max-snippet":"max-snippet:-1","max-image-preview":"max-image-preview:large","max-video-preview":"max-video-preview:-1"},"canonical":"https:\/\/atelierdubourg.fr\/adb\/portfolio\/\u25cb-caillou-montagne\/","og_locale":"fr_FR","og_type":"article","og_title":"\u25cb caillou montagne - L&#039;Atelier du Bourg","og_description":"Poster \u25cb caillou montagne\u2013S\u00e9rigraphie 2 passagesFormat 50*70 cmPapier Olin smooth cr\u00e8me 250g\/m\u00b2Imprim\u00e9 au March\u00e9 Noir, d\u00e9cembre 2018 \u201330 \u20ac\u2013Par Sixtine Gervais","og_url":"https:\/\/atelierdubourg.fr\/adb\/portfolio\/\u25cb-caillou-montagne\/","og_site_name":"L&#039;Atelier du Bourg","article_modified_time":"2019-04-29T10:18:46+00:00","og_image":[{"width":2953,"height":4134,"url":"https:\/\/atelierdubourg.fr\/adb\/wp-content\/uploads\/2019\/04\/CAILLOU-MONTAGNE-SIXTINE-GERVAIS-scaled.jpg","type":"image\/jpeg"}],"twitter_card":"summary_large_image","schema":{"@context":"https:\/\/schema.org","@graph":[{"@type":"WebPage","@id":"https:\/\/atelierdubourg.fr\/adb\/portfolio\/%e2%97%8b-caillou-montagne\/","url":"https:\/\/atelierdubourg.fr\/adb\/portfolio\/%e2%97%8b-caillou-montagne\/","name":"\u25cb caillou montagne - L&#039;Atelier du Bourg","isPartOf":{"@id":"https:\/\/atelierdubourg.fr\/adb\/#website"},"datePublished":"2019-04-29T10:11:30+00:00","dateModified":"2019-04-29T10:18:46+00:00","breadcrumb":{"@id":"https:\/\/atelierdubourg.fr\/adb\/portfolio\/%e2%97%8b-caillou-montagne\/#breadcrumb"},"inLanguage":"fr-FR","potentialAction":[{"@type":"ReadAction","target":["https:\/\/atelierdubourg.fr\/adb\/portfolio\/%e2%97%8b-caillou-montagne\/"]}]},{"@type":"BreadcrumbList","@id":"https:\/\/atelierdubourg.fr\/adb\/portfolio\/%e2%97%8b-caillou-montagne\/#breadcrumb","itemListElement":[{"@type":"ListItem","position":1,"name":"Accueil","item":"https:\/\/atelierdubourg.fr\/adb\/"},{"@type":"ListItem","position":2,"name":"Portfolio","item":"https:\/\/atelierdubourg.fr\/adb\/portfolio\/"},{"@type":"ListItem","position":3,"name":"\u25cb caillou montagne"}]},{"@type":"WebSite","@id":"https:\/\/atelierdubourg.fr\/adb\/#website","url":"https:\/\/atelierdubourg.fr\/adb\/","name":"L&#039;Atelier du Bourg","description":"l&#039;Atelier du Bourg","potentialAction":[{"@type":"SearchAction","target":{"@type":"EntryPoint","urlTemplate":"https:\/\/atelierdubourg.fr\/adb\/?s={search_term_string}"},"query-input":"required name=search_term_string"}],"inLanguage":"fr-FR"}]}},"jetpack_sharing_enabled":true,"_links":{"self":[{"href":"https:\/\/atelierdubourg.fr\/adb\/wp-json\/wp\/v2\/portfolio\/1257"}],"collection":[{"href":"https:\/\/atelierdubourg.fr\/adb\/wp-json\/wp\/v2\/portfolio"}],"about":[{"href":"https:\/\/atelierdubourg.fr\/adb\/wp-json\/wp\/v2\/types\/portfolio"}],"author":[{"embeddable":true,"href":"https:\/\/atelierdubourg.fr\/adb\/wp-json\/wp\/v2\/users\/2"}],"replies":[{"embeddable":true,"href":"https:\/\/atelierdubourg.fr\/adb\/wp-json\/wp\/v2\/comments?post=1257"}],"version-history":[{"count":0,"href":"https:\/\/atelierdubourg.fr\/adb\/wp-json\/wp\/v2\/portfolio\/1257\/revisions"}],"wp:featuredmedia":[{"embeddable":true,"href":"https:\/\/atelierdubourg.fr\/adb\/wp-json\/wp\/v2\/media\/1259"}],"wp:attachment":[{"href":"https:\/\/atelierdubourg.fr\/adb\/wp-json\/wp\/v2\/media?parent=1257"}],"wp:term":[{"taxonomy":"portfolio_category","embeddable":true,"href":"https:\/\/atelierdubourg.fr\/adb\/wp-json\/wp\/v2\/portfolio_category?post=1257"},{"taxonomy":"portfolio_tag","embeddable":true,"href":"https:\/\/atelierdubourg.fr\/adb\/wp-json\/wp\/v2\/portfolio_tag?post=1257"}],"curies":[{"name":"wp","href":"https:\/\/api.w.org\/{rel}","templated":true}]}}

<p>Poster <em>○ caillou montagne</em><br>–<br>Sérigraphie 2 passages<br>Format 50*70 cm<br>Papier Olin smooth crème 250g/m²<br>Imprimé au Marché Noir, décembre 2018<br> –<br>30 €<br>–<br>Par Sixtine Gervais</p>

<p>Poster ○ caillou montagne–Sérigraphie 2 passagesFormat 50*70 cmPapier Olin smooth crème 250g/m²Imprimé au Marché Noir, décembre 2018 –30 €–Par Sixtine Gervais</p>

<!-- This site is optimized with the Yoast SEO plugin v20.6 - https://yoast.com/wordpress/plugins/seo/ -->
<title>○ caillou montagne - L&#039;Atelier du Bourg</title>
<meta name="robots" content="index, follow, max-snippet:-1, max-image-preview:large, max-video-preview:-1" />
<link rel="canonical" href="https://atelierdubourg.fr/adb/portfolio/○-caillou-montagne/" />
<meta property="og:locale" content="fr_FR" />
<meta property="og:type" content="article" />
<meta property="og:title" content="○ caillou montagne - L&#039;Atelier du Bourg" />
<meta property="og:description" content="Poster ○ caillou montagne–Sérigraphie 2 passagesFormat 50*70 cmPapier Olin smooth crème 250g/m²Imprimé au Marché Noir, décembre 2018 –30 €–Par Sixtine Gervais" />
<meta property="og:url" content="https://atelierdubourg.fr/adb/portfolio/○-caillou-montagne/" />
<meta property="og:site_name" content="L&#039;Atelier du Bourg" />
<meta property="article:modified_time" content="2019-04-29T10:18:46+00:00" />
<meta property="og:image" content="https://atelierdubourg.fr/adb/wp-content/uploads/2019/04/CAILLOU-MONTAGNE-SIXTINE-GERVAIS-scaled.jpg" />
	<meta property="og:image:width" content="2953" />
	<meta property="og:image:height" content="4134" />
	<meta property="og:image:type" content="image/jpeg" />
<meta name="twitter:card" content="summary_large_image" />
<script type="application/ld+json" class="yoast-schema-graph">{"@context":"https://schema.org","@graph":[{"@type":"WebPage","@id":"https://atelierdubourg.fr/adb/portfolio/%e2%97%8b-caillou-montagne/","url":"https://atelierdubourg.fr/adb/portfolio/%e2%97%8b-caillou-montagne/","name":"○ caillou montagne - L&#039;Atelier du Bourg","isPartOf":{"@id":"https://atelierdubourg.fr/adb/#website"},"datePublished":"2019-04-29T10:11:30+00:00","dateModified":"2019-04-29T10:18:46+00:00","breadcrumb":{"@id":"https://atelierdubourg.fr/adb/portfolio/%e2%97%8b-caillou-montagne/#breadcrumb"},"inLanguage":"fr-FR","potentialAction":[{"@type":"ReadAction","target":["https://atelierdubourg.fr/adb/portfolio/%e2%97%8b-caillou-montagne/"]}]},{"@type":"BreadcrumbList","@id":"https://atelierdubourg.fr/adb/portfolio/%e2%97%8b-caillou-montagne/#breadcrumb","itemListElement":[{"@type":"ListItem","position":1,"name":"Accueil","item":"https://atelierdubourg.fr/adb/"},{"@type":"ListItem","position":2,"name":"Portfolio","item":"https://atelierdubourg.fr/adb/portfolio/"},{"@type":"ListItem","position":3,"name":"○ caillou montagne"}]},{"@type":"WebSite","@id":"https://atelierdubourg.fr/adb/#website","url":"https://atelierdubourg.fr/adb/","name":"L&#039;Atelier du Bourg","description":"l&#039;Atelier du Bourg","potentialAction":[{"@type":"SearchAction","target":{"@type":"EntryPoint","urlTemplate":"https://atelierdubourg.fr/adb/?s={search_term_string}"},"query-input":"required name=search_term_string"}],"inLanguage":"fr-FR"}]}</script>
<!-- / Yoast SEO plugin. -->

Poster ○ caillou montagne–Sérigraphie 2 passagesFormat 50*70 cmPapier Olin smooth crème 250g/m²Imprimé au Marché Noir, décembre 2018 –30 €–Par Sixtine Gervais
