{"id":4061,"date":"2023-06-30T14:04:00","date_gmt":"2023-06-30T12:04:00","guid":{"rendered":"https:\/\/atelierdubourg.fr\/adb\/?post_type=portfolio&#038;p=4061"},"modified":"2023-07-29T14:04:43","modified_gmt":"2023-07-29T12:04:43","slug":"bretagne-jecris-ton-nom-matrimoine-breton","status":"publish","type":"portfolio","link":"https:\/\/atelierdubourg.fr\/adb\/portfolio\/bretagne-jecris-ton-nom-matrimoine-breton\/","title":{"rendered":"\u00ab\u00a0Bretagne, j&rsquo;\u00e9cris ton nom\u00a0\u00bb \u2013 matrimoine breton"},"content":{"rendered":"\n<p>S\u00e9rie de 7 estampes s\u00e9rigraphi\u00e9es avec des \u00e9l\u00e8ves de 3e du coll\u00e8ge Louis Guilloux de Montfort-sur-Meu, dans le cadre du projet \u00ab\u00a0Bretagne, j&rsquo;\u00e9cris ton nom\u00a0\u00bb, r\u00e9alis\u00e9 en partenariat avec <em>l&rsquo;Apart\u00e9<\/em> \u2013 lieu d&rsquo;art contemporain situ\u00e9 \u00e0 Iffendic.<\/p>\n<p>Cette s\u00e9rie d&rsquo;affiches a \u00e9t\u00e9 expos\u00e9e \u00e0 la m\u00e9diath\u00e8que <em>Lagirafe<\/em> du 31 mai au 10 juin 2023 avec une s\u00e9lection de collages et de textes con\u00e7us lors des ateliers r\u00e9alis\u00e9s au printemps 2023 au coll\u00e8ge. La cr\u00e9ation de l&rsquo;ensemble de ces \u00e9l\u00e9ments s&rsquo;est faite autour d&rsquo;une r\u00e9flexion et de recherches ayant pour sujet les femmes bretonnes c\u00e9l\u00e8bres (autrices, artistes, scientifiques, femmes politiques, personnalit\u00e9s engag\u00e9es\u2026).<\/p>\n<p>\u00a0<\/p>\n<p>Estampes imprim\u00e9es en s\u00e9rigraphie 2 couleurs \u2013 un noir et une couleur fluo diff\u00e9rente pour chacune.<\/p>\n<p>\u00a9 L\u2019Atelier du Bourg, avril-mai 2023.<\/p>\n<p>Sixtine Gervais, Anna Boulanger<\/p>\n","protected":false},"excerpt":{"rendered":"<p>S\u00e9rie de 7 estampes s\u00e9rigraphi\u00e9es avec des \u00e9l\u00e8ves de 3e du coll\u00e8ge Louis Guilloux de Montfort-sur-Meu, dans le cadre du projet \u00ab\u00a0Bretagne, j&rsquo;\u00e9cris ton nom\u00a0\u00bb, r\u00e9alis\u00e9 en partenariat avec l&rsquo;Apart\u00e9 \u2013 lieu d&rsquo;art contemporain situ\u00e9 \u00e0 Iffendic. Cette s\u00e9rie d&rsquo;affiches a \u00e9t\u00e9 expos\u00e9e \u00e0 la m\u00e9diath\u00e8que Lagirafe du 31 mai au 10 juin 2023 avec&hellip;<\/p>\n","protected":false},"author":1,"featured_media":4197,"comment_status":"open","ping_status":"closed","template":"","meta":{"jetpack_post_was_ever_published":false},"portfolio_category":[49,27,97,98,53,66],"portfolio_tag":[],"acf":[],"yoast_head":"<!-- This site is optimized with the Yoast SEO plugin v20.6 - https:\/\/yoast.com\/wordpress\/plugins\/seo\/ -->\n<title>&quot;Bretagne, j&#039;\u00e9cris ton nom&quot; \u2013 matrimoine breton - L&#039;Atelier du Bourg<\/title>\n<meta name=\"robots\" content=\"index, follow, max-snippet:-1, max-image-preview:large, max-video-preview:-1\" \/>\n<link rel=\"canonical\" href=\"https:\/\/atelierdubourg.fr\/adb\/portfolio\/bretagne-jecris-ton-nom-matrimoine-breton\/\" \/>\n<meta property=\"og:locale\" content=\"fr_FR\" \/>\n<meta property=\"og:type\" content=\"article\" \/>\n<meta property=\"og:title\" content=\"&quot;Bretagne, j&#039;\u00e9cris ton nom&quot; \u2013 matrimoine breton - L&#039;Atelier du Bourg\" \/>\n<meta property=\"og:description\" content=\"S\u00e9rie de 7 estampes s\u00e9rigraphi\u00e9es avec des \u00e9l\u00e8ves de 3e du coll\u00e8ge Louis Guilloux de Montfort-sur-Meu, dans le cadre du projet \u00ab\u00a0Bretagne, j&rsquo;\u00e9cris ton nom\u00a0\u00bb, r\u00e9alis\u00e9 en partenariat avec l&rsquo;Apart\u00e9 \u2013 lieu d&rsquo;art contemporain situ\u00e9 \u00e0 Iffendic. Cette s\u00e9rie d&rsquo;affiches a \u00e9t\u00e9 expos\u00e9e \u00e0 la m\u00e9diath\u00e8que Lagirafe du 31 mai au 10 juin 2023 avec&hellip;\" \/>\n<meta property=\"og:url\" content=\"https:\/\/atelierdubourg.fr\/adb\/portfolio\/bretagne-jecris-ton-nom-matrimoine-breton\/\" \/>\n<meta property=\"og:site_name\" content=\"L&#039;Atelier du Bourg\" \/>\n<meta property=\"article:modified_time\" content=\"2023-07-29T12:04:43+00:00\" \/>\n<meta property=\"og:image\" content=\"https:\/\/atelierdubourg.fr\/adb\/wp-content\/uploads\/2023\/07\/20230728_193933-scaled.jpg\" \/>\n\t<meta property=\"og:image:width\" content=\"1920\" \/>\n\t<meta property=\"og:image:height\" content=\"2560\" \/>\n\t<meta property=\"og:image:type\" content=\"image\/jpeg\" \/>\n<meta name=\"twitter:card\" content=\"summary_large_image\" \/>\n<meta name=\"twitter:label1\" content=\"Dur\u00e9e de lecture estim\u00e9e\" \/>\n\t<meta name=\"twitter:data1\" content=\"1 minute\" \/>\n<script type=\"application\/ld+json\" class=\"yoast-schema-graph\">{\"@context\":\"https:\/\/schema.org\",\"@graph\":[{\"@type\":\"WebPage\",\"@id\":\"https:\/\/atelierdubourg.fr\/adb\/portfolio\/bretagne-jecris-ton-nom-matrimoine-breton\/\",\"url\":\"https:\/\/atelierdubourg.fr\/adb\/portfolio\/bretagne-jecris-ton-nom-matrimoine-breton\/\",\"name\":\"\\\"Bretagne, j'\u00e9cris ton nom\\\" \u2013 matrimoine breton - L&#039;Atelier du Bourg\",\"isPartOf\":{\"@id\":\"https:\/\/atelierdubourg.fr\/adb\/#website\"},\"datePublished\":\"2023-06-30T12:04:00+00:00\",\"dateModified\":\"2023-07-29T12:04:43+00:00\",\"breadcrumb\":{\"@id\":\"https:\/\/atelierdubourg.fr\/adb\/portfolio\/bretagne-jecris-ton-nom-matrimoine-breton\/#breadcrumb\"},\"inLanguage\":\"fr-FR\",\"potentialAction\":[{\"@type\":\"ReadAction\",\"target\":[\"https:\/\/atelierdubourg.fr\/adb\/portfolio\/bretagne-jecris-ton-nom-matrimoine-breton\/\"]}]},{\"@type\":\"BreadcrumbList\",\"@id\":\"https:\/\/atelierdubourg.fr\/adb\/portfolio\/bretagne-jecris-ton-nom-matrimoine-breton\/#breadcrumb\",\"itemListElement\":[{\"@type\":\"ListItem\",\"position\":1,\"name\":\"Accueil\",\"item\":\"https:\/\/atelierdubourg.fr\/adb\/\"},{\"@type\":\"ListItem\",\"position\":2,\"name\":\"Portfolio\",\"item\":\"https:\/\/atelierdubourg.fr\/adb\/portfolio\/\"},{\"@type\":\"ListItem\",\"position\":3,\"name\":\"\u00ab\u00a0Bretagne, j&rsquo;\u00e9cris ton nom\u00a0\u00bb \u2013 matrimoine breton\"}]},{\"@type\":\"WebSite\",\"@id\":\"https:\/\/atelierdubourg.fr\/adb\/#website\",\"url\":\"https:\/\/atelierdubourg.fr\/adb\/\",\"name\":\"L&#039;Atelier du Bourg\",\"description\":\"l&#039;Atelier du Bourg\",\"potentialAction\":[{\"@type\":\"SearchAction\",\"target\":{\"@type\":\"EntryPoint\",\"urlTemplate\":\"https:\/\/atelierdubourg.fr\/adb\/?s={search_term_string}\"},\"query-input\":\"required name=search_term_string\"}],\"inLanguage\":\"fr-FR\"}]}<\/script>\n<!-- \/ Yoast SEO plugin. -->","yoast_head_json":{"title":"\"Bretagne, j'\u00e9cris ton nom\" \u2013 matrimoine breton - L&#039;Atelier du Bourg","robots":{"index":"index","follow":"follow","max-snippet":"max-snippet:-1","max-image-preview":"max-image-preview:large","max-video-preview":"max-video-preview:-1"},"canonical":"https:\/\/atelierdubourg.fr\/adb\/portfolio\/bretagne-jecris-ton-nom-matrimoine-breton\/","og_locale":"fr_FR","og_type":"article","og_title":"\"Bretagne, j'\u00e9cris ton nom\" \u2013 matrimoine breton - L&#039;Atelier du Bourg","og_description":"S\u00e9rie de 7 estampes s\u00e9rigraphi\u00e9es avec des \u00e9l\u00e8ves de 3e du coll\u00e8ge Louis Guilloux de Montfort-sur-Meu, dans le cadre du projet \u00ab\u00a0Bretagne, j&rsquo;\u00e9cris ton nom\u00a0\u00bb, r\u00e9alis\u00e9 en partenariat avec l&rsquo;Apart\u00e9 \u2013 lieu d&rsquo;art contemporain situ\u00e9 \u00e0 Iffendic. Cette s\u00e9rie d&rsquo;affiches a \u00e9t\u00e9 expos\u00e9e \u00e0 la m\u00e9diath\u00e8que Lagirafe du 31 mai au 10 juin 2023 avec&hellip;","og_url":"https:\/\/atelierdubourg.fr\/adb\/portfolio\/bretagne-jecris-ton-nom-matrimoine-breton\/","og_site_name":"L&#039;Atelier du Bourg","article_modified_time":"2023-07-29T12:04:43+00:00","og_image":[{"width":1920,"height":2560,"url":"https:\/\/atelierdubourg.fr\/adb\/wp-content\/uploads\/2023\/07\/20230728_193933-scaled.jpg","type":"image\/jpeg"}],"twitter_card":"summary_large_image","twitter_misc":{"Dur\u00e9e de lecture estim\u00e9e":"1 minute"},"schema":{"@context":"https:\/\/schema.org","@graph":[{"@type":"WebPage","@id":"https:\/\/atelierdubourg.fr\/adb\/portfolio\/bretagne-jecris-ton-nom-matrimoine-breton\/","url":"https:\/\/atelierdubourg.fr\/adb\/portfolio\/bretagne-jecris-ton-nom-matrimoine-breton\/","name":"\"Bretagne, j'\u00e9cris ton nom\" \u2013 matrimoine breton - L&#039;Atelier du Bourg","isPartOf":{"@id":"https:\/\/atelierdubourg.fr\/adb\/#website"},"datePublished":"2023-06-30T12:04:00+00:00","dateModified":"2023-07-29T12:04:43+00:00","breadcrumb":{"@id":"https:\/\/atelierdubourg.fr\/adb\/portfolio\/bretagne-jecris-ton-nom-matrimoine-breton\/#breadcrumb"},"inLanguage":"fr-FR","potentialAction":[{"@type":"ReadAction","target":["https:\/\/atelierdubourg.fr\/adb\/portfolio\/bretagne-jecris-ton-nom-matrimoine-breton\/"]}]},{"@type":"BreadcrumbList","@id":"https:\/\/atelierdubourg.fr\/adb\/portfolio\/bretagne-jecris-ton-nom-matrimoine-breton\/#breadcrumb","itemListElement":[{"@type":"ListItem","position":1,"name":"Accueil","item":"https:\/\/atelierdubourg.fr\/adb\/"},{"@type":"ListItem","position":2,"name":"Portfolio","item":"https:\/\/atelierdubourg.fr\/adb\/portfolio\/"},{"@type":"ListItem","position":3,"name":"\u00ab\u00a0Bretagne, j&rsquo;\u00e9cris ton nom\u00a0\u00bb \u2013 matrimoine breton"}]},{"@type":"WebSite","@id":"https:\/\/atelierdubourg.fr\/adb\/#website","url":"https:\/\/atelierdubourg.fr\/adb\/","name":"L&#039;Atelier du Bourg","description":"l&#039;Atelier du Bourg","potentialAction":[{"@type":"SearchAction","target":{"@type":"EntryPoint","urlTemplate":"https:\/\/atelierdubourg.fr\/adb\/?s={search_term_string}"},"query-input":"required name=search_term_string"}],"inLanguage":"fr-FR"}]}},"jetpack_sharing_enabled":true,"_links":{"self":[{"href":"https:\/\/atelierdubourg.fr\/adb\/wp-json\/wp\/v2\/portfolio\/4061"}],"collection":[{"href":"https:\/\/atelierdubourg.fr\/adb\/wp-json\/wp\/v2\/portfolio"}],"about":[{"href":"https:\/\/atelierdubourg.fr\/adb\/wp-json\/wp\/v2\/types\/portfolio"}],"author":[{"embeddable":true,"href":"https:\/\/atelierdubourg.fr\/adb\/wp-json\/wp\/v2\/users\/1"}],"replies":[{"embeddable":true,"href":"https:\/\/atelierdubourg.fr\/adb\/wp-json\/wp\/v2\/comments?post=4061"}],"version-history":[{"count":0,"href":"https:\/\/atelierdubourg.fr\/adb\/wp-json\/wp\/v2\/portfolio\/4061\/revisions"}],"wp:featuredmedia":[{"embeddable":true,"href":"https:\/\/atelierdubourg.fr\/adb\/wp-json\/wp\/v2\/media\/4197"}],"wp:attachment":[{"href":"https:\/\/atelierdubourg.fr\/adb\/wp-json\/wp\/v2\/media?parent=4061"}],"wp:term":[{"taxonomy":"portfolio_category","embeddable":true,"href":"https:\/\/atelierdubourg.fr\/adb\/wp-json\/wp\/v2\/portfolio_category?post=4061"},{"taxonomy":"portfolio_tag","embeddable":true,"href":"https:\/\/atelierdubourg.fr\/adb\/wp-json\/wp\/v2\/portfolio_tag?post=4061"}],"curies":[{"name":"wp","href":"https:\/\/api.w.org\/{rel}","templated":true}]}}

« Bretagne, j&rsquo;écris ton nom » – matrimoine breton

<p>Série de 7 estampes sérigraphiées avec des élèves de 3e du collège Louis Guilloux de Montfort-sur-Meu, dans le cadre du projet « Bretagne, j&rsquo;écris ton nom », réalisé en partenariat avec <em>l&rsquo;Aparté</em> – lieu d&rsquo;art contemporain situé à Iffendic.</p>
<p>Cette série d&rsquo;affiches a été exposée à la médiathèque <em>Lagirafe</em> du 31 mai au 10 juin 2023 avec une sélection de collages et de textes conçus lors des ateliers réalisés au printemps 2023 au collège. La création de l&rsquo;ensemble de ces éléments s&rsquo;est faite autour d&rsquo;une réflexion et de recherches ayant pour sujet les femmes bretonnes célèbres (autrices, artistes, scientifiques, femmes politiques, personnalités engagées…).</p>
<p> </p>
<p>Estampes imprimées en sérigraphie 2 couleurs – un noir et une couleur fluo différente pour chacune.</p>
<p>© L’Atelier du Bourg, avril-mai 2023.</p>
<p>Sixtine Gervais, Anna Boulanger</p>

<p>Série de 7 estampes sérigraphiées avec des élèves de 3e du collège Louis Guilloux de Montfort-sur-Meu, dans le cadre du projet « Bretagne, j&rsquo;écris ton nom », réalisé en partenariat avec l&rsquo;Aparté – lieu d&rsquo;art contemporain situé à Iffendic. Cette série d&rsquo;affiches a été exposée à la médiathèque Lagirafe du 31 mai au 10 juin 2023 avec&hellip;</p>

<!-- This site is optimized with the Yoast SEO plugin v20.6 - https://yoast.com/wordpress/plugins/seo/ -->
<title>&quot;Bretagne, j&#039;écris ton nom&quot; – matrimoine breton - L&#039;Atelier du Bourg</title>
<meta name="robots" content="index, follow, max-snippet:-1, max-image-preview:large, max-video-preview:-1" />
<link rel="canonical" href="https://atelierdubourg.fr/adb/portfolio/bretagne-jecris-ton-nom-matrimoine-breton/" />
<meta property="og:locale" content="fr_FR" />
<meta property="og:type" content="article" />
<meta property="og:title" content="&quot;Bretagne, j&#039;écris ton nom&quot; – matrimoine breton - L&#039;Atelier du Bourg" />
<meta property="og:description" content="Série de 7 estampes sérigraphiées avec des élèves de 3e du collège Louis Guilloux de Montfort-sur-Meu, dans le cadre du projet « Bretagne, j&rsquo;écris ton nom », réalisé en partenariat avec l&rsquo;Aparté – lieu d&rsquo;art contemporain situé à Iffendic. Cette série d&rsquo;affiches a été exposée à la médiathèque Lagirafe du 31 mai au 10 juin 2023 avec&hellip;" />
<meta property="og:url" content="https://atelierdubourg.fr/adb/portfolio/bretagne-jecris-ton-nom-matrimoine-breton/" />
<meta property="og:site_name" content="L&#039;Atelier du Bourg" />
<meta property="article:modified_time" content="2023-07-29T12:04:43+00:00" />
<meta property="og:image" content="https://atelierdubourg.fr/adb/wp-content/uploads/2023/07/20230728_193933-scaled.jpg" />
	<meta property="og:image:width" content="1920" />
	<meta property="og:image:height" content="2560" />
	<meta property="og:image:type" content="image/jpeg" />
<meta name="twitter:card" content="summary_large_image" />
<meta name="twitter:label1" content="Durée de lecture estimée" />
	<meta name="twitter:data1" content="1 minute" />
<script type="application/ld+json" class="yoast-schema-graph">{"@context":"https://schema.org","@graph":[{"@type":"WebPage","@id":"https://atelierdubourg.fr/adb/portfolio/bretagne-jecris-ton-nom-matrimoine-breton/","url":"https://atelierdubourg.fr/adb/portfolio/bretagne-jecris-ton-nom-matrimoine-breton/","name":"\"Bretagne, j'écris ton nom\" – matrimoine breton - L&#039;Atelier du Bourg","isPartOf":{"@id":"https://atelierdubourg.fr/adb/#website"},"datePublished":"2023-06-30T12:04:00+00:00","dateModified":"2023-07-29T12:04:43+00:00","breadcrumb":{"@id":"https://atelierdubourg.fr/adb/portfolio/bretagne-jecris-ton-nom-matrimoine-breton/#breadcrumb"},"inLanguage":"fr-FR","potentialAction":[{"@type":"ReadAction","target":["https://atelierdubourg.fr/adb/portfolio/bretagne-jecris-ton-nom-matrimoine-breton/"]}]},{"@type":"BreadcrumbList","@id":"https://atelierdubourg.fr/adb/portfolio/bretagne-jecris-ton-nom-matrimoine-breton/#breadcrumb","itemListElement":[{"@type":"ListItem","position":1,"name":"Accueil","item":"https://atelierdubourg.fr/adb/"},{"@type":"ListItem","position":2,"name":"Portfolio","item":"https://atelierdubourg.fr/adb/portfolio/"},{"@type":"ListItem","position":3,"name":"« Bretagne, j&rsquo;écris ton nom » – matrimoine breton"}]},{"@type":"WebSite","@id":"https://atelierdubourg.fr/adb/#website","url":"https://atelierdubourg.fr/adb/","name":"L&#039;Atelier du Bourg","description":"l&#039;Atelier du Bourg","potentialAction":[{"@type":"SearchAction","target":{"@type":"EntryPoint","urlTemplate":"https://atelierdubourg.fr/adb/?s={search_term_string}"},"query-input":"required name=search_term_string"}],"inLanguage":"fr-FR"}]}</script>
<!-- / Yoast SEO plugin. -->

"Bretagne, j'écris ton nom" – matrimoine breton - L&#039;Atelier du Bourg

Série de 7 estampes sérigraphiées avec des élèves de 3e du collège Louis Guilloux de Montfort-sur-Meu, dans le cadre du projet « Bretagne, j&rsquo;écris ton nom », réalisé en partenariat avec l&rsquo;Aparté – lieu d&rsquo;art contemporain situé à Iffendic. Cette série d&rsquo;affiches a été exposée à la médiathèque Lagirafe du 31 mai au 10 juin 2023 avec&hellip;
