{"id":997,"date":"2018-10-23T17:52:32","date_gmt":"2018-10-23T15:52:32","guid":{"rendered":"http:\/\/atelierdubourg.fr\/adb\/?post_type=portfolio&#038;p=997"},"modified":"2021-04-08T13:54:40","modified_gmt":"2021-04-08T11:54:40","slug":"indre-1819","status":"publish","type":"portfolio","link":"https:\/\/atelierdubourg.fr\/adb\/portfolio\/indre-1819\/","title":{"rendered":"Ici ou L\u00e0 \u2013 Saison 18\/19"},"content":{"rendered":"<p>Identit\u00e9 \u2013 d\u00e9pliants et flyers de la saison culturelle 2018-19 de la ville d&rsquo;Indre<em>.<\/em><\/p>\n<p>\u00c0 la mani\u00e8re d\u2019un&nbsp;cadavre exquis graphique, des&nbsp;formes sont associ\u00e9es tout au long du&nbsp;d\u00e9pliant, entrecoup\u00e9es par&nbsp;les&nbsp;diff\u00e9rents plis. Pliez, d\u00e9pliez, associez\u2009! Les pages peuvent \u00eatre combin\u00e9es \u00e0&nbsp;l\u2019infini permettant ainsi de&nbsp;cr\u00e9er de&nbsp;nouvelles associations de formes.<br \/>\n\u2013<br \/>\nImpression offset \u2013 Encre Pantone jaune fluo + Noir<br \/>\nPapier Munken Lynx 90 gr.<br \/>\nImprim\u00e9 par M\u00e9dia Graphic, Rennes<br \/>\n\u2013<br \/>\nPar Sixtine Gervais<\/p>\n","protected":false},"excerpt":{"rendered":"<p>Identit\u00e9 \u2013 d\u00e9pliants et flyers de la saison culturelle 2018-19 de la ville d&rsquo;Indre. \u00c0 la mani\u00e8re d\u2019un&nbsp;cadavre exquis graphique, des&nbsp;formes sont associ\u00e9es tout au long du&nbsp;d\u00e9pliant, entrecoup\u00e9es par&nbsp;les&nbsp;diff\u00e9rents plis. Pliez, d\u00e9pliez, associez\u2009! Les pages peuvent \u00eatre combin\u00e9es \u00e0&nbsp;l\u2019infini permettant ainsi de&nbsp;cr\u00e9er de&nbsp;nouvelles associations de formes. \u2013 Impression offset \u2013 Encre Pantone jaune fluo +&hellip;<\/p>\n","protected":false},"author":2,"featured_media":1012,"comment_status":"open","ping_status":"closed","template":"","meta":{"jetpack_post_was_ever_published":false},"portfolio_category":[16,90,66,62],"portfolio_tag":[],"acf":[],"yoast_head":"<!-- This site is optimized with the Yoast SEO plugin v20.6 - https:\/\/yoast.com\/wordpress\/plugins\/seo\/ -->\n<title>Ici ou L\u00e0 \u2013 Saison 18\/19 - L&#039;Atelier du Bourg<\/title>\n<meta name=\"robots\" content=\"index, follow, max-snippet:-1, max-image-preview:large, max-video-preview:-1\" \/>\n<link rel=\"canonical\" href=\"https:\/\/atelierdubourg.fr\/adb\/portfolio\/indre-1819\/\" \/>\n<meta property=\"og:locale\" content=\"fr_FR\" \/>\n<meta property=\"og:type\" content=\"article\" \/>\n<meta property=\"og:title\" content=\"Ici ou L\u00e0 \u2013 Saison 18\/19 - L&#039;Atelier du Bourg\" \/>\n<meta property=\"og:description\" content=\"Identit\u00e9 \u2013 d\u00e9pliants et flyers de la saison culturelle 2018-19 de la ville d&rsquo;Indre. \u00c0 la mani\u00e8re d\u2019un&nbsp;cadavre exquis graphique, des&nbsp;formes sont associ\u00e9es tout au long du&nbsp;d\u00e9pliant, entrecoup\u00e9es par&nbsp;les&nbsp;diff\u00e9rents plis. Pliez, d\u00e9pliez, associez\u2009! Les pages peuvent \u00eatre combin\u00e9es \u00e0&nbsp;l\u2019infini permettant ainsi de&nbsp;cr\u00e9er de&nbsp;nouvelles associations de formes. \u2013 Impression offset \u2013 Encre Pantone jaune fluo +&hellip;\" \/>\n<meta property=\"og:url\" content=\"https:\/\/atelierdubourg.fr\/adb\/portfolio\/indre-1819\/\" \/>\n<meta property=\"og:site_name\" content=\"L&#039;Atelier du Bourg\" \/>\n<meta property=\"article:modified_time\" content=\"2021-04-08T11:54:40+00:00\" \/>\n<meta property=\"og:image\" content=\"https:\/\/atelierdubourg.fr\/adb\/wp-content\/uploads\/2018\/10\/INDRE\u00a9ATELIERDUBOURG_MINI.jpg\" \/>\n\t<meta property=\"og:image:width\" content=\"1181\" \/>\n\t<meta property=\"og:image:height\" content=\"1181\" \/>\n\t<meta property=\"og:image:type\" content=\"image\/jpeg\" \/>\n<meta name=\"twitter:card\" content=\"summary_large_image\" \/>\n<script type=\"application\/ld+json\" class=\"yoast-schema-graph\">{\"@context\":\"https:\/\/schema.org\",\"@graph\":[{\"@type\":\"WebPage\",\"@id\":\"https:\/\/atelierdubourg.fr\/adb\/portfolio\/indre-1819\/\",\"url\":\"https:\/\/atelierdubourg.fr\/adb\/portfolio\/indre-1819\/\",\"name\":\"Ici ou L\u00e0 \u2013 Saison 18\/19 - L&#039;Atelier du Bourg\",\"isPartOf\":{\"@id\":\"https:\/\/atelierdubourg.fr\/adb\/#website\"},\"datePublished\":\"2018-10-23T15:52:32+00:00\",\"dateModified\":\"2021-04-08T11:54:40+00:00\",\"breadcrumb\":{\"@id\":\"https:\/\/atelierdubourg.fr\/adb\/portfolio\/indre-1819\/#breadcrumb\"},\"inLanguage\":\"fr-FR\",\"potentialAction\":[{\"@type\":\"ReadAction\",\"target\":[\"https:\/\/atelierdubourg.fr\/adb\/portfolio\/indre-1819\/\"]}]},{\"@type\":\"BreadcrumbList\",\"@id\":\"https:\/\/atelierdubourg.fr\/adb\/portfolio\/indre-1819\/#breadcrumb\",\"itemListElement\":[{\"@type\":\"ListItem\",\"position\":1,\"name\":\"Accueil\",\"item\":\"https:\/\/atelierdubourg.fr\/adb\/\"},{\"@type\":\"ListItem\",\"position\":2,\"name\":\"Portfolio\",\"item\":\"https:\/\/atelierdubourg.fr\/adb\/portfolio\/\"},{\"@type\":\"ListItem\",\"position\":3,\"name\":\"Ici ou L\u00e0 \u2013 Saison 18\/19\"}]},{\"@type\":\"WebSite\",\"@id\":\"https:\/\/atelierdubourg.fr\/adb\/#website\",\"url\":\"https:\/\/atelierdubourg.fr\/adb\/\",\"name\":\"L&#039;Atelier du Bourg\",\"description\":\"l&#039;Atelier du Bourg\",\"potentialAction\":[{\"@type\":\"SearchAction\",\"target\":{\"@type\":\"EntryPoint\",\"urlTemplate\":\"https:\/\/atelierdubourg.fr\/adb\/?s={search_term_string}\"},\"query-input\":\"required name=search_term_string\"}],\"inLanguage\":\"fr-FR\"}]}<\/script>\n<!-- \/ Yoast SEO plugin. -->","yoast_head_json":{"title":"Ici ou L\u00e0 \u2013 Saison 18\/19 - L&#039;Atelier du Bourg","robots":{"index":"index","follow":"follow","max-snippet":"max-snippet:-1","max-image-preview":"max-image-preview:large","max-video-preview":"max-video-preview:-1"},"canonical":"https:\/\/atelierdubourg.fr\/adb\/portfolio\/indre-1819\/","og_locale":"fr_FR","og_type":"article","og_title":"Ici ou L\u00e0 \u2013 Saison 18\/19 - L&#039;Atelier du Bourg","og_description":"Identit\u00e9 \u2013 d\u00e9pliants et flyers de la saison culturelle 2018-19 de la ville d&rsquo;Indre. \u00c0 la mani\u00e8re d\u2019un&nbsp;cadavre exquis graphique, des&nbsp;formes sont associ\u00e9es tout au long du&nbsp;d\u00e9pliant, entrecoup\u00e9es par&nbsp;les&nbsp;diff\u00e9rents plis. Pliez, d\u00e9pliez, associez\u2009! Les pages peuvent \u00eatre combin\u00e9es \u00e0&nbsp;l\u2019infini permettant ainsi de&nbsp;cr\u00e9er de&nbsp;nouvelles associations de formes. \u2013 Impression offset \u2013 Encre Pantone jaune fluo +&hellip;","og_url":"https:\/\/atelierdubourg.fr\/adb\/portfolio\/indre-1819\/","og_site_name":"L&#039;Atelier du Bourg","article_modified_time":"2021-04-08T11:54:40+00:00","og_image":[{"width":1181,"height":1181,"url":"https:\/\/atelierdubourg.fr\/adb\/wp-content\/uploads\/2018\/10\/INDRE\u00a9ATELIERDUBOURG_MINI.jpg","type":"image\/jpeg"}],"twitter_card":"summary_large_image","schema":{"@context":"https:\/\/schema.org","@graph":[{"@type":"WebPage","@id":"https:\/\/atelierdubourg.fr\/adb\/portfolio\/indre-1819\/","url":"https:\/\/atelierdubourg.fr\/adb\/portfolio\/indre-1819\/","name":"Ici ou L\u00e0 \u2013 Saison 18\/19 - L&#039;Atelier du Bourg","isPartOf":{"@id":"https:\/\/atelierdubourg.fr\/adb\/#website"},"datePublished":"2018-10-23T15:52:32+00:00","dateModified":"2021-04-08T11:54:40+00:00","breadcrumb":{"@id":"https:\/\/atelierdubourg.fr\/adb\/portfolio\/indre-1819\/#breadcrumb"},"inLanguage":"fr-FR","potentialAction":[{"@type":"ReadAction","target":["https:\/\/atelierdubourg.fr\/adb\/portfolio\/indre-1819\/"]}]},{"@type":"BreadcrumbList","@id":"https:\/\/atelierdubourg.fr\/adb\/portfolio\/indre-1819\/#breadcrumb","itemListElement":[{"@type":"ListItem","position":1,"name":"Accueil","item":"https:\/\/atelierdubourg.fr\/adb\/"},{"@type":"ListItem","position":2,"name":"Portfolio","item":"https:\/\/atelierdubourg.fr\/adb\/portfolio\/"},{"@type":"ListItem","position":3,"name":"Ici ou L\u00e0 \u2013 Saison 18\/19"}]},{"@type":"WebSite","@id":"https:\/\/atelierdubourg.fr\/adb\/#website","url":"https:\/\/atelierdubourg.fr\/adb\/","name":"L&#039;Atelier du Bourg","description":"l&#039;Atelier du Bourg","potentialAction":[{"@type":"SearchAction","target":{"@type":"EntryPoint","urlTemplate":"https:\/\/atelierdubourg.fr\/adb\/?s={search_term_string}"},"query-input":"required name=search_term_string"}],"inLanguage":"fr-FR"}]}},"jetpack_sharing_enabled":true,"_links":{"self":[{"href":"https:\/\/atelierdubourg.fr\/adb\/wp-json\/wp\/v2\/portfolio\/997"}],"collection":[{"href":"https:\/\/atelierdubourg.fr\/adb\/wp-json\/wp\/v2\/portfolio"}],"about":[{"href":"https:\/\/atelierdubourg.fr\/adb\/wp-json\/wp\/v2\/types\/portfolio"}],"author":[{"embeddable":true,"href":"https:\/\/atelierdubourg.fr\/adb\/wp-json\/wp\/v2\/users\/2"}],"replies":[{"embeddable":true,"href":"https:\/\/atelierdubourg.fr\/adb\/wp-json\/wp\/v2\/comments?post=997"}],"version-history":[{"count":0,"href":"https:\/\/atelierdubourg.fr\/adb\/wp-json\/wp\/v2\/portfolio\/997\/revisions"}],"wp:featuredmedia":[{"embeddable":true,"href":"https:\/\/atelierdubourg.fr\/adb\/wp-json\/wp\/v2\/media\/1012"}],"wp:attachment":[{"href":"https:\/\/atelierdubourg.fr\/adb\/wp-json\/wp\/v2\/media?parent=997"}],"wp:term":[{"taxonomy":"portfolio_category","embeddable":true,"href":"https:\/\/atelierdubourg.fr\/adb\/wp-json\/wp\/v2\/portfolio_category?post=997"},{"taxonomy":"portfolio_tag","embeddable":true,"href":"https:\/\/atelierdubourg.fr\/adb\/wp-json\/wp\/v2\/portfolio_tag?post=997"}],"curies":[{"name":"wp","href":"https:\/\/api.w.org\/{rel}","templated":true}]}}

Ici ou Là – Saison 18/19

<p>Identité – dépliants et flyers de la saison culturelle 2018-19 de la ville d&rsquo;Indre<em>.</em></p>
<p>À la manière d’un&nbsp;cadavre exquis graphique, des&nbsp;formes sont associées tout au long du&nbsp;dépliant, entrecoupées par&nbsp;les&nbsp;différents plis. Pliez, dépliez, associez ! Les pages peuvent être combinées à&nbsp;l’infini permettant ainsi de&nbsp;créer de&nbsp;nouvelles associations de formes.<br />
–<br />
Impression offset – Encre Pantone jaune fluo + Noir<br />
Papier Munken Lynx 90 gr.<br />
Imprimé par Média Graphic, Rennes<br />
–<br />
Par Sixtine Gervais</p>

<p>Identité – dépliants et flyers de la saison culturelle 2018-19 de la ville d&rsquo;Indre. À la manière d’un&nbsp;cadavre exquis graphique, des&nbsp;formes sont associées tout au long du&nbsp;dépliant, entrecoupées par&nbsp;les&nbsp;différents plis. Pliez, dépliez, associez ! Les pages peuvent être combinées à&nbsp;l’infini permettant ainsi de&nbsp;créer de&nbsp;nouvelles associations de formes. – Impression offset – Encre Pantone jaune fluo +&hellip;</p>

<!-- This site is optimized with the Yoast SEO plugin v20.6 - https://yoast.com/wordpress/plugins/seo/ -->
<title>Ici ou Là – Saison 18/19 - L&#039;Atelier du Bourg</title>
<meta name="robots" content="index, follow, max-snippet:-1, max-image-preview:large, max-video-preview:-1" />
<link rel="canonical" href="https://atelierdubourg.fr/adb/portfolio/indre-1819/" />
<meta property="og:locale" content="fr_FR" />
<meta property="og:type" content="article" />
<meta property="og:title" content="Ici ou Là – Saison 18/19 - L&#039;Atelier du Bourg" />
<meta property="og:description" content="Identité – dépliants et flyers de la saison culturelle 2018-19 de la ville d&rsquo;Indre. À la manière d’un&nbsp;cadavre exquis graphique, des&nbsp;formes sont associées tout au long du&nbsp;dépliant, entrecoupées par&nbsp;les&nbsp;différents plis. Pliez, dépliez, associez ! Les pages peuvent être combinées à&nbsp;l’infini permettant ainsi de&nbsp;créer de&nbsp;nouvelles associations de formes. – Impression offset – Encre Pantone jaune fluo +&hellip;" />
<meta property="og:url" content="https://atelierdubourg.fr/adb/portfolio/indre-1819/" />
<meta property="og:site_name" content="L&#039;Atelier du Bourg" />
<meta property="article:modified_time" content="2021-04-08T11:54:40+00:00" />
<meta property="og:image" content="https://atelierdubourg.fr/adb/wp-content/uploads/2018/10/INDRE©ATELIERDUBOURG_MINI.jpg" />
	<meta property="og:image:width" content="1181" />
	<meta property="og:image:height" content="1181" />
	<meta property="og:image:type" content="image/jpeg" />
<meta name="twitter:card" content="summary_large_image" />
<script type="application/ld+json" class="yoast-schema-graph">{"@context":"https://schema.org","@graph":[{"@type":"WebPage","@id":"https://atelierdubourg.fr/adb/portfolio/indre-1819/","url":"https://atelierdubourg.fr/adb/portfolio/indre-1819/","name":"Ici ou Là – Saison 18/19 - L&#039;Atelier du Bourg","isPartOf":{"@id":"https://atelierdubourg.fr/adb/#website"},"datePublished":"2018-10-23T15:52:32+00:00","dateModified":"2021-04-08T11:54:40+00:00","breadcrumb":{"@id":"https://atelierdubourg.fr/adb/portfolio/indre-1819/#breadcrumb"},"inLanguage":"fr-FR","potentialAction":[{"@type":"ReadAction","target":["https://atelierdubourg.fr/adb/portfolio/indre-1819/"]}]},{"@type":"BreadcrumbList","@id":"https://atelierdubourg.fr/adb/portfolio/indre-1819/#breadcrumb","itemListElement":[{"@type":"ListItem","position":1,"name":"Accueil","item":"https://atelierdubourg.fr/adb/"},{"@type":"ListItem","position":2,"name":"Portfolio","item":"https://atelierdubourg.fr/adb/portfolio/"},{"@type":"ListItem","position":3,"name":"Ici ou Là – Saison 18/19"}]},{"@type":"WebSite","@id":"https://atelierdubourg.fr/adb/#website","url":"https://atelierdubourg.fr/adb/","name":"L&#039;Atelier du Bourg","description":"l&#039;Atelier du Bourg","potentialAction":[{"@type":"SearchAction","target":{"@type":"EntryPoint","urlTemplate":"https://atelierdubourg.fr/adb/?s={search_term_string}"},"query-input":"required name=search_term_string"}],"inLanguage":"fr-FR"}]}</script>
<!-- / Yoast SEO plugin. -->

Ici ou Là – Saison 18/19 - L&#039;Atelier du Bourg

Identité – dépliants et flyers de la saison culturelle 2018-19 de la ville d&rsquo;Indre. À la manière d’un&nbsp;cadavre exquis graphique, des&nbsp;formes sont associées tout au long du&nbsp;dépliant, entrecoupées par&nbsp;les&nbsp;différents plis. Pliez, dépliez, associez ! Les pages peuvent être combinées à&nbsp;l’infini permettant ainsi de&nbsp;créer de&nbsp;nouvelles associations de formes. – Impression offset – Encre Pantone jaune fluo +&hellip;
