{"id":4552,"date":"2024-09-15T17:53:58","date_gmt":"2024-09-15T15:53:58","guid":{"rendered":"https:\/\/atelierdubourg.fr\/adb\/?post_type=product&#038;p=4552"},"modified":"2024-11-16T18:33:37","modified_gmt":"2024-11-16T17:33:37","slug":"quy-a-t-il-a-linterieur-des-loups-tome-01-et-02","status":"publish","type":"product","link":"https:\/\/atelierdubourg.fr\/adb\/produit\/quy-a-t-il-a-linterieur-des-loups-tome-01-et-02\/","title":{"rendered":"Qu&rsquo;y a-t-il \u00e0 l&rsquo;int\u00e9rieur des loups ? Tome 01 et 02"},"content":{"rendered":"<p>\u00c9dition <em>Qu&rsquo;y a-t-il \u00e0 l&rsquo;int\u00e9rieur des loups ?<\/em><br \/>\nlivre anonyme<br \/>\n\u2013<br \/>\nCouverture en carton, tout gris pour le tome 01 et bleu\/int\u00e9rieur blanc pour le tome 02, <span style=\"font-size: 10pt;\">\u2013 portant le dessin d&rsquo;un loup vu de l&rsquo;ext\u00e9rieur en 1ere et 4e de couverture, et la peau retourn\u00e9e en 2e et 3e de couverture \u2013<\/span> contenant un livre prenant l&rsquo;espace de l&rsquo;estomac et \u00e9num\u00e9rant un ensemble de choses pouvant \u00eatre contenues dans un loup\u2026<\/p>\n<p>Le tome 01 est \u00ab\u00a0complet\u00a0\u00bb et le 02 est une version \u00ab\u00a0\u00e0 compl\u00e9ter\u00a0\u00bb ; il reste des pages blanches pour que le lecteur y d\u00e9pose ces\u2026 \u00ab\u00a0hypoth\u00e8ses\u00a0\u00bb.<\/p>\n<p>&nbsp;<\/p>\n<p>Imprim\u00e9 au March\u00e9 Noir en juin-juillet 2024<\/p>\n<p>&nbsp;<\/p>\n<p>&nbsp;<\/p>\n","protected":false},"excerpt":{"rendered":"<p>\u00c9dition Qu&rsquo;y a-t-il \u00e0 l&rsquo;int\u00e9rieur des loups ? livre anonyme \u2013 Couverture en carton, tout gris pour le tome 01 et bleu\/int\u00e9rieur blanc pour le tome 02, \u2013 portant le dessin d&rsquo;un loup vu de l&rsquo;ext\u00e9rieur en 1ere et 4e de couverture, et la peau retourn\u00e9e en 2e et 3e de couverture \u2013 contenant un&hellip;<\/p>\n","protected":false},"featured_media":4577,"template":"","meta":{"jetpack_post_was_ever_published":false,"jetpack_publicize_message":"","jetpack_is_tweetstorm":false,"jetpack_publicize_feature_enabled":true,"jetpack_social_post_already_shared":true,"jetpack_social_options":{"image_generator_settings":{"template":"highway","enabled":false}}},"product_cat":[82,36],"product_tag":[],"supplier_id":null,"supplier_sku":"","barcode":null,"atum_controlled":true,"out_stock_date":null,"out_stock_threshold":null,"inheritable":false,"inbound_stock":0,"stock_on_hold":0,"sold_today":0,"sales_last_days":0,"reserved_stock":0,"customer_returns":0,"warehouse_damage":0,"lost_in_post":0,"other_logs":0,"out_stock_days":0,"lost_sales":0,"has_location":false,"update_date":"2026-05-01T00:39:09","atum_locations":[],"atum_stock_status":"instock","restock_status":false,"low_stock_amount":"","sales_update_date":"2026-05-01T00:39:09","calc_backorders":null,"jetpack_publicize_connections":[],"acf":[],"yoast_head":"<!-- This site is optimized with the Yoast SEO plugin v20.6 - https:\/\/yoast.com\/wordpress\/plugins\/seo\/ -->\n<title>Qu&#039;y a-t-il \u00e0 l&#039;int\u00e9rieur des loups ? Tome 01 et 02 - L&#039;Atelier du Bourg<\/title>\n<meta name=\"robots\" content=\"index, follow, max-snippet:-1, max-image-preview:large, max-video-preview:-1\" \/>\n<link rel=\"canonical\" href=\"https:\/\/atelierdubourg.fr\/adb\/produit\/quy-a-t-il-a-linterieur-des-loups-tome-01-et-02\/\" \/>\n<meta property=\"og:locale\" content=\"fr_FR\" \/>\n<meta property=\"og:type\" content=\"article\" \/>\n<meta property=\"og:title\" content=\"Qu&#039;y a-t-il \u00e0 l&#039;int\u00e9rieur des loups ? Tome 01 et 02 - L&#039;Atelier du Bourg\" \/>\n<meta property=\"og:description\" content=\"\u00c9dition Qu&rsquo;y a-t-il \u00e0 l&rsquo;int\u00e9rieur des loups ? livre anonyme \u2013 Couverture en carton, tout gris pour le tome 01 et bleu\/int\u00e9rieur blanc pour le tome 02, \u2013 portant le dessin d&rsquo;un loup vu de l&rsquo;ext\u00e9rieur en 1ere et 4e de couverture, et la peau retourn\u00e9e en 2e et 3e de couverture \u2013 contenant un&hellip;\" \/>\n<meta property=\"og:url\" content=\"https:\/\/atelierdubourg.fr\/adb\/produit\/quy-a-t-il-a-linterieur-des-loups-tome-01-et-02\/\" \/>\n<meta property=\"og:site_name\" content=\"L&#039;Atelier du Bourg\" \/>\n<meta property=\"article:modified_time\" content=\"2024-11-16T17:33:37+00:00\" \/>\n<meta property=\"og:image\" content=\"https:\/\/atelierdubourg.fr\/adb\/wp-content\/uploads\/2024\/11\/1000002120-scaled.jpg\" \/>\n\t<meta property=\"og:image:width\" content=\"2560\" \/>\n\t<meta property=\"og:image:height\" content=\"1920\" \/>\n\t<meta property=\"og:image:type\" content=\"image\/jpeg\" \/>\n<meta name=\"twitter:card\" content=\"summary_large_image\" \/>\n<meta name=\"twitter:label1\" content=\"Dur\u00e9e de lecture estim\u00e9e\" \/>\n\t<meta name=\"twitter:data1\" content=\"1 minute\" \/>\n<script type=\"application\/ld+json\" class=\"yoast-schema-graph\">{\"@context\":\"https:\/\/schema.org\",\"@graph\":[{\"@type\":\"WebPage\",\"@id\":\"https:\/\/atelierdubourg.fr\/adb\/produit\/quy-a-t-il-a-linterieur-des-loups-tome-01-et-02\/\",\"url\":\"https:\/\/atelierdubourg.fr\/adb\/produit\/quy-a-t-il-a-linterieur-des-loups-tome-01-et-02\/\",\"name\":\"Qu'y a-t-il \u00e0 l'int\u00e9rieur des loups ? Tome 01 et 02 - L&#039;Atelier du Bourg\",\"isPartOf\":{\"@id\":\"https:\/\/atelierdubourg.fr\/adb\/#website\"},\"datePublished\":\"2024-09-15T15:53:58+00:00\",\"dateModified\":\"2024-11-16T17:33:37+00:00\",\"breadcrumb\":{\"@id\":\"https:\/\/atelierdubourg.fr\/adb\/produit\/quy-a-t-il-a-linterieur-des-loups-tome-01-et-02\/#breadcrumb\"},\"inLanguage\":\"fr-FR\",\"potentialAction\":[{\"@type\":\"ReadAction\",\"target\":[\"https:\/\/atelierdubourg.fr\/adb\/produit\/quy-a-t-il-a-linterieur-des-loups-tome-01-et-02\/\"]}]},{\"@type\":\"BreadcrumbList\",\"@id\":\"https:\/\/atelierdubourg.fr\/adb\/produit\/quy-a-t-il-a-linterieur-des-loups-tome-01-et-02\/#breadcrumb\",\"itemListElement\":[{\"@type\":\"ListItem\",\"position\":1,\"name\":\"Accueil\",\"item\":\"https:\/\/atelierdubourg.fr\/adb\/\"},{\"@type\":\"ListItem\",\"position\":2,\"name\":\"\u00c9ditions d&rsquo;artiste\",\"item\":\"https:\/\/atelierdubourg.fr\/adb\/boutique\/\"},{\"@type\":\"ListItem\",\"position\":3,\"name\":\"Qu&rsquo;y a-t-il \u00e0 l&rsquo;int\u00e9rieur des loups ? Tome 01 et 02\"}]},{\"@type\":\"WebSite\",\"@id\":\"https:\/\/atelierdubourg.fr\/adb\/#website\",\"url\":\"https:\/\/atelierdubourg.fr\/adb\/\",\"name\":\"L&#039;Atelier du Bourg\",\"description\":\"l&#039;Atelier du Bourg\",\"potentialAction\":[{\"@type\":\"SearchAction\",\"target\":{\"@type\":\"EntryPoint\",\"urlTemplate\":\"https:\/\/atelierdubourg.fr\/adb\/?s={search_term_string}\"},\"query-input\":\"required name=search_term_string\"}],\"inLanguage\":\"fr-FR\"}]}<\/script>\n<!-- \/ Yoast SEO plugin. -->","yoast_head_json":{"title":"Qu'y a-t-il \u00e0 l'int\u00e9rieur des loups ? Tome 01 et 02 - L&#039;Atelier du Bourg","robots":{"index":"index","follow":"follow","max-snippet":"max-snippet:-1","max-image-preview":"max-image-preview:large","max-video-preview":"max-video-preview:-1"},"canonical":"https:\/\/atelierdubourg.fr\/adb\/produit\/quy-a-t-il-a-linterieur-des-loups-tome-01-et-02\/","og_locale":"fr_FR","og_type":"article","og_title":"Qu'y a-t-il \u00e0 l'int\u00e9rieur des loups ? Tome 01 et 02 - L&#039;Atelier du Bourg","og_description":"\u00c9dition Qu&rsquo;y a-t-il \u00e0 l&rsquo;int\u00e9rieur des loups ? livre anonyme \u2013 Couverture en carton, tout gris pour le tome 01 et bleu\/int\u00e9rieur blanc pour le tome 02, \u2013 portant le dessin d&rsquo;un loup vu de l&rsquo;ext\u00e9rieur en 1ere et 4e de couverture, et la peau retourn\u00e9e en 2e et 3e de couverture \u2013 contenant un&hellip;","og_url":"https:\/\/atelierdubourg.fr\/adb\/produit\/quy-a-t-il-a-linterieur-des-loups-tome-01-et-02\/","og_site_name":"L&#039;Atelier du Bourg","article_modified_time":"2024-11-16T17:33:37+00:00","og_image":[{"width":2560,"height":1920,"url":"https:\/\/atelierdubourg.fr\/adb\/wp-content\/uploads\/2024\/11\/1000002120-scaled.jpg","type":"image\/jpeg"}],"twitter_card":"summary_large_image","twitter_misc":{"Dur\u00e9e de lecture estim\u00e9e":"1 minute"},"schema":{"@context":"https:\/\/schema.org","@graph":[{"@type":"WebPage","@id":"https:\/\/atelierdubourg.fr\/adb\/produit\/quy-a-t-il-a-linterieur-des-loups-tome-01-et-02\/","url":"https:\/\/atelierdubourg.fr\/adb\/produit\/quy-a-t-il-a-linterieur-des-loups-tome-01-et-02\/","name":"Qu'y a-t-il \u00e0 l'int\u00e9rieur des loups ? Tome 01 et 02 - L&#039;Atelier du Bourg","isPartOf":{"@id":"https:\/\/atelierdubourg.fr\/adb\/#website"},"datePublished":"2024-09-15T15:53:58+00:00","dateModified":"2024-11-16T17:33:37+00:00","breadcrumb":{"@id":"https:\/\/atelierdubourg.fr\/adb\/produit\/quy-a-t-il-a-linterieur-des-loups-tome-01-et-02\/#breadcrumb"},"inLanguage":"fr-FR","potentialAction":[{"@type":"ReadAction","target":["https:\/\/atelierdubourg.fr\/adb\/produit\/quy-a-t-il-a-linterieur-des-loups-tome-01-et-02\/"]}]},{"@type":"BreadcrumbList","@id":"https:\/\/atelierdubourg.fr\/adb\/produit\/quy-a-t-il-a-linterieur-des-loups-tome-01-et-02\/#breadcrumb","itemListElement":[{"@type":"ListItem","position":1,"name":"Accueil","item":"https:\/\/atelierdubourg.fr\/adb\/"},{"@type":"ListItem","position":2,"name":"\u00c9ditions d&rsquo;artiste","item":"https:\/\/atelierdubourg.fr\/adb\/boutique\/"},{"@type":"ListItem","position":3,"name":"Qu&rsquo;y a-t-il \u00e0 l&rsquo;int\u00e9rieur des loups ? Tome 01 et 02"}]},{"@type":"WebSite","@id":"https:\/\/atelierdubourg.fr\/adb\/#website","url":"https:\/\/atelierdubourg.fr\/adb\/","name":"L&#039;Atelier du Bourg","description":"l&#039;Atelier du Bourg","potentialAction":[{"@type":"SearchAction","target":{"@type":"EntryPoint","urlTemplate":"https:\/\/atelierdubourg.fr\/adb\/?s={search_term_string}"},"query-input":"required name=search_term_string"}],"inLanguage":"fr-FR"}]}},"jetpack_sharing_enabled":true,"_links":{"self":[{"href":"https:\/\/atelierdubourg.fr\/adb\/wp-json\/wp\/v2\/product\/4552"}],"collection":[{"href":"https:\/\/atelierdubourg.fr\/adb\/wp-json\/wp\/v2\/product"}],"about":[{"href":"https:\/\/atelierdubourg.fr\/adb\/wp-json\/wp\/v2\/types\/product"}],"wp:featuredmedia":[{"embeddable":true,"href":"https:\/\/atelierdubourg.fr\/adb\/wp-json\/wp\/v2\/media\/4577"}],"wp:attachment":[{"href":"https:\/\/atelierdubourg.fr\/adb\/wp-json\/wp\/v2\/media?parent=4552"}],"wp:term":[{"taxonomy":"product_cat","embeddable":true,"href":"https:\/\/atelierdubourg.fr\/adb\/wp-json\/wp\/v2\/product_cat?post=4552"},{"taxonomy":"product_tag","embeddable":true,"href":"https:\/\/atelierdubourg.fr\/adb\/wp-json\/wp\/v2\/product_tag?post=4552"}],"curies":[{"name":"wp","href":"https:\/\/api.w.org\/{rel}","templated":true}]}}